111)
52
Calculate -17 + 22 + 63 + 11 + -36.
43
1 - 6 - (10 + -1 - (12 + -7 - -11))
2
Evaluate (41 - 92) + 2 + 52.
3
Evaluate 1 - 11 - (-11 - -36 - 49) - 10 - -39.
43
What is (-8 - (-13 + 14)) + (2 - (4 - -3) - -35)?
21
What is (-4 + -9 - -8) + -80 + -100 + 86?
-99
Evaluate 17 - (-7 + 67 - 12).
-31
Evaluate -4 + -2 - (5 + (-28 - -11 - -5) + 5).
-4
Evaluate 82 - (5 + (-5 - -38)).
44
Evaluate (-3314 - -3379) + -2 + -20 + -1.
42
What is the value of -4 - (-311 + 300 + (-2 - (1 + -26)))?
-16
8 - 0 - (2185 - 2264)
87
(-4 + 7 - 5) + -4 + 17 + -5 + 23
29
-4 + -5 + (0 - 8) + 3 + 124 + -13
97
Evaluate -4 - -2 - ((-5 + 9 + -43 - -9) + -7).
35
Calculate -77 + 1 - ((-5 - -114) + -119).
-66
Evaluate 32 + -34 + (-127 - -6 - -24).
-99
What is (-13 - 1) + 7 - -59 - 13 - (1 + -1)?
39
(3 + 8 - (15 + -24 + 20)) + 76 - 11
65
What is -10 + (-1 - (-4 + 2)) - (55940 + -55922)?
-27
Calculate -41 + 110 + 22 - 17.
74
What is the value of -8383 + 8377 - (0 - -40 - (2 - 0))?
-44
20 + 2 + -47 + 15 + (2 - (-74 - 1))
67
Evaluate 12 + ((10 - -21) + -25 - (51 - -1) - -3).
-31
What is the value of (91 - 9 - -5) + 43 - 27?
103
What is 0 + -11 + 2 - (-14 - (64 + -31))?
38
What is the value of (6 - (5 - -7) - -3) + 11 + -69?
-61
What is 3 + -7 + 19 - (-34 - (-12 + 12))?
49
What is the value of 234 + -189 + 4 + (-8 - 8) + 0 + 1?
34
Calculate (-10 + 21 - (44 - 34)) + 19.
20
(-4 + -1 - (-21 + (9 - 12))) + -4 + 12
27
Calculate (-42 - 25 - -27) + (4 - 16).
-52
(1 - -97) + 1378 + -1579
-103
What is 66 - (25 + 14 + -7) - (6 - (2 + -5))?
25
Calculate (49 + 11 - (9 + 21)) + -42.
-12
-14 + 11 + 7 + 0 + 36 + -37
3
Evaluate 91 + (8 - -2 - (28 + 14 - 37)) + 9.
105
Calculate 33 + -24 + (37 + -7 - 14).
25
What is the value of (272 - 611) + 342 - ((0 - 0) + -30)?
33
Calculate 26 - 28 - ((3 + -1 - -3) + -4).
-3
Evaluate (3 - (0 - 5) - 9 - 9) + 14 + 4.
8
Evaluate (-1 + -2 - 1) + 2 - (-26 - -60).
-36
What is 1 + 41 + 2 - (-246 + 212)?
78
What is 4 - ((2 - -2) + -32 - -6) - -11?
37
Evaluate (-72 - -82) + -16 - (38 + -2).
-42
23 + 14 + -12 + -4
21
What is (1 - (-10 - -2)) + 0 + -48 + 48 + -73?
-64
Evaluate -1 + -1 + 0 + (3828 - 3840).
-14
Evaluate -27 + (-1 - -3) + 25 + -37 + 8 + 0.
-29
(198 - 139 - (-8 + 10)) + (-5 - 1)
51
What is -66 + 101 - -52 - 22?
65
31 - 1 - (436 + -133 - 275)
2
What is (1 - (-3 + 27)) + (187 - (-47 + 154))?
57
What is the value of 127 - (25 + 43 + -20)?
79
What is 5 + (0 + -7 - (-66 + 54)) + (5 - -3)?
18
Evaluate 75 + -39 + 10 + -2 - (-5 + 0 + -2).
51
Evaluate 5040 + -5120 + (12 - -2 - 1).
-67
What is (11 - 0 - 4) + 2 + 1 - (5 - -24)?
-19
What is the value of 0 + -84 + (17 + (-3 - 43) - (-34 + 13))?
-92
What is (-10 + 10 - 0 - 7) + (56 - (0 + -3))?
52
Evaluate 6 - (23 + -17 + 0 + 1 + -7).
6
Calculate 14 - 0 - (0 - (-27 + 55 + 29 - 0)).
71
What is the value of -1 + 148 - 153 - (-41 + 1 - (-3 - -2))?
33
Evaluate -32 + -3 - (-13 + -1 + 10 + -40 + 46).
-37
What is the value of -185 + (-272 - -597) - (1 + 2)?
137
Evaluate 72 - (19 + 38 - 25).
40
Calculate 26 - (22 - (10 - (-7 + -5 - -8))).
18
Calculate -73 + (68 - (71 + -42)).
-34
What is -32 + 38 + 30 + 1 + -2 + 0?
35
What is the value of -48 + 3 + 10 + -108 - -42?
-101
Evaluate -15 + 23 - (16 - (-19 + 20)).
-7
Calculate (1 - -23) + -13 + (2 + -12 - 0 - -33).
34
-1 + -11 - (-962 - -928)
22
What is 10 + -10 + -12 + -29 + 19?
-22
Calculate 53 - (-38 - (-57 - 68)).
-34
What is the value of 194 + -289 - (23 - 10 - (1 - -4))?
-103
Evaluate 9 - (-15 + (45 - 19)) - 53.
-55
What is the value of 175 + (27 - 104) - 41?
57
Evaluate -35 + -7 + 5 - (-30 - (-42 - 6)).
-55
What is the value of -10 + -16 + 86 + -59?
1
What is 102 - (78 - (-10 + 39)) - (-2 - 12)?
67
Evaluate -4 - (-59 - -80) - 12.
-37
Calculate -76 - (5 - (-1 - -13 - (19 + (-39 - -18)))).
-67
Calculate 1 + -59 + 0 + (-26 - -11) + 28.
-45
What is the value of -47 - (-3 - (-5 - -43) - -20)?
-26
What is (6 - -1) + (-48 - -80 - 129)?
-90
Calculate (26 - 25) + -4 + -25 - (3 + -5).
-26
What is the value of 1 + (4 - (-56 - -2 - 0)) + 5?
64
Evaluate -92 + (71 - (-36 - -89)).
-74
Calculate (52 - (8 - -22)) + (18 - 155).
-115
Evaluate 86 + -215 + 123 + 2 + 0.
-4
Calculate (187 + -140 - (29 + -2)) + -110.
-90
(16 + -26 + 19 + 2 + 2 - 8) + 7
12
-12 + (21 - 0 - 4) + -12
-7
8579 + -8616 - (1 - 137)
99
-718 + 714 + (-28 - 1) - 10
-43
Evaluate (-49 - -16) + (50 - 10) - (-1 + 2 + 5).
1
What is the value of (-6 + -1 - 4) + (-227 - -279) - -5?
46
Evaluate -61 + (12 + (10 - 6 - -18) - 12).
-39
Calculate (-24 - -46 - (10 + 1)) + (-1 - 0 - 5).
5
Calculate 28 + -16 + (0 + 1 - (-72 - -67)) + -1.
17
(13 - 0) + -340 + 350 + -81
-58
Calculate 17 - (24 + -1 + 2) - -3.
-5
Calculate 12 - ((100 - (-11 - 3 - -26)) + -14).
-62
What is the value of 70 - ((-2 - -45) + -6)?
33
What is 119 + -112 - (-117 - (-8 + -11))?
105
What is (-1 - 31 - (3 + 6 - 5)) + 176 + -170?
-30
Calculate (66 - 35 - -19) + 2.
52
What is the value of 5 - (-11 + 10 + -14) - 30?
-10
Evaluate 57 + -1 + -1 - (-20 + 7).
68
What is the value of (56 - (10 + 6)) + -37?
3
What is the value of -285 - -285 - ((6 - (46 + 4 - -6)) + -6)?
56
What is -528 - -510 - (-1 + 31 + -3)?
-45
Calculate -239 + (132 - (12 - 32)).
-87
17 - 34 - (-251 + 264)
-30
Calculate -6 - (0 + -1) - (-20 + 2 + 21 - -62).
-70
What is the value of (-35 - -23) + (-18 - -1) + 51 - 44?
-22
Calculate (11 + 30 - 65) + (-50 - -10).
-64
Calculate (-67 - 228) + 67 + 123.
-105
((8 - 8) + 5 - (-30 + 45)) + -3
-13
Calculate 0 - (3 - 4) - (17 - (65 - 54)).
-5
(-117 - (-23 + -29)) + (0 - -16)
-49
What is the value of (-1 - (2 + -2)) + (-18 - -8 - 18) + 94?
65
What is -1 + 14 - 5 - 5 - (144 + -66)?
-75
What is (7 - (-5 + 58)) + -3 + 10 + 0?
-39
Evaluate -8 + (17 + -15 + 18 - -1) - 7.
6
Calculate 33 + (-16 - 14 - -29 - -20).
52
-5 + 38 + (8 + -4 - -6) + 26 + -17
52
What is 81 + -13 + 4 + 15 + (6 - 23)?
70
Evaluate 0 - -24 - (-43 + 11 + 26 + -11).
41
What is the value of -3138 + 3141 - (-13 + (0 - (1 + -2)))?
15
What is the value of 89 - (24 + 22 + 2)?
41
What is the value of (-9 - -1) + (-5523 - -5569)?
38
What is (14 - (9 + 39)) + 23?
-11
What is the value of 42 - (2 + -83 + 34 + 89)?
0
What is the value of 90 - 98 - (2 - (5 - -78))?
73
What is 89 + -2 + -38 + -17 + 39?
71
What is 28 - (33 - (-13 + -13 - -58))?
27
What is the value of 26 - ((-12 - (-13 - (3 - -4))) + -4)?
22
Evaluate 39 + 0 + 39 - 51.
27
Calculate -26 - 3 - (-13 - -5) - -71.
50
5 + -9 - -17 - (113 + -29)
-71
What is the value of 19 + (-11 - -28) + -58 + (25 - 1)?
2
What is the value of (30 - 28 - (-5 - (-3 - 6)) - 10) + -80?
-92
Evaluate 9 - (8 - (11 - (13 + -1 - (2 + 1)))).
3
-11 + (-22 - -31) - 5 - -38
31
61 + (-2 - 21) + 12 + (-10 - 0)
40
(8 - (-12 - -22)) + -22 + 35 + (-111 - 0)
-100
-91 + (-83 + 13 - -150)
-11
What is the value of (3 - -1) + -1 + (-32 + -18 + 6 - 20)?
-61
Evaluate -10 + 9 - (3 + -8 - -17 - 43).
30
-74 - (21 + (-48 - -7)) - -9
-45
-57 + 8 + 36 - -55
42
What is -45 - (12 + (-143 - -43))?
43
Calculate (-5368 - -5354) + (1 + (0 - 2) - -7).
-8
What is -1 + 39 + (116 - -22 - 149)?
27
16 + (-12 - (-11 + 11 - (1 - 7) - 7))
5
Evaluate 64 + -3 + 17 + 4 + (0 - -1).
83
What is -105 + -85 + 112 - (-28 - 3)?
-47
Calculate 2 + (6 - (2 - -17)) - (-286 - -169).
106
Calculate 156 - 160 - (4 + -37 + -2).
31
Evaluate -144 - (82 + 11 + -108).
-129
150 - (105 + 56) - (-3 - (-14 - 3))
-25
What is -20 - (0 + -36 + 19)?
-3
Evaluate (1 + -23 - (-814 + 780)) + 21.
33
What is 18 + -5 + (-536 - -533)?
10
Calculate -81 + 12 - (1461 - 1505).
-25
What is the value of 5 - -47 - (-6 - (-14 + -10) - 10)?
44
What is (592 - 468) + -13 + 8?
119
(27 - 35) + -3 + -13 + 18 + (2 - -1)
-3
Calculate (100 + 94 - 0) + -103.
91
What is the value of (-31 - -26) + (-1 - -87) + -8 + 21 + -5?
89
Calculate -3 - (1 + -11 + 40 + -16 + -11).
-6
(-2 - -109) + (14 + 6 - 18) + 11 + -15
105
What is the value of 6 + -2 + (-38 - (-31 + 26)) + (-3 - 6)?
-38
Evaluate (-137 - -122) + (-18 - (17 + -29)).
-21
What is the value of 0 - 3 - (-11 + 5 + (-8 - -22 - 21))?
10
What is 0 + 104 - (1031 - 964)?
37
-1 - (0 - 10) - ((26 - 22 - 7) + -24)
36
Calculate 34 - (2 + 15) - 78 - (-10 + -11).
-40
Evaluate (225 - 153 - -123) + -128.
67
What is -25 - (-25 - (-21 - -38)) - -20?
37
Evaluate 51 + (1 + 6 - (-6 + (17 - (8 - -1)))).
56
Calculate -214 - -136 - -106 - 61.
-33
Calcula